rs of 95012?
2, 23753
List the prime factors of 51757.
73, 709
What are the prime factors of 1891?
31, 61
What are the prime factors of 300?
2, 3, 5
List the prime factors of 12925.
5, 11, 47
What are the prime factors of 17317?
17317
List the prime factors of 16054.
2, 23, 349
What are the prime factors of 966?
2, 3, 7, 23
List the prime factors of 1972.
2, 17, 29
What are the prime factors of 58279?
13, 4483
What are the prime factors of 2593?
2593
List the prime factors of 7081.
73, 97
What are the prime factors of 76975?
5, 3079
List the prime factors of 4619.
31, 149
What are the prime factors of 73324?
2, 23, 797
What are the prime factors of 4051?
4051
List the prime factors of 71819.
11, 6529
List the prime factors of 43480.
2, 5, 1087
List the prime factors of 1593.
3, 59
List the prime factors of 1055.
5, 211
What are the prime factors of 7763?
7, 1109
What are the prime factors of 6470?
2, 5, 647
List the prime factors of 3046.
2, 1523
List the prime factors of 142.
2, 71
What are the prime factors of 414?
2, 3, 23
List the prime factors of 140796.
2, 3, 3911
List the prime factors of 2677.
2677
What are the prime factors of 3140?
2, 5, 157
What are the prime factors of 239?
239
List the prime factors of 23402.
2, 11701
What are the prime factors of 3323?
3323
List the prime factors of 433.
433
List the prime factors of 58308.
2, 3, 43, 113
What are the prime factors of 16441?
41, 401
What are the prime factors of 4952?
2, 619
List the prime factors of 8208.
2, 3, 19
List the prime factors of 5488.
2, 7
What are the prime factors of 316?
2, 79
What are the prime factors of 4686?
2, 3, 11, 71
List the prime factors of 2104.
2, 263
What are the prime factors of 26171?
26171
List the prime factors of 1038.
2, 3, 173
List the prime factors of 25624.
2, 3203
What are the prime factors of 167383?
59, 2837
What are the prime factors of 4498?
2, 13, 173
What are the prime factors of 6351?
3, 29, 73
What are the prime factors of 5261?
5261
List the prime factors of 147245.
5, 7, 601
List the prime factors of 41273.
149, 277
List the prime factors of 1433.
1433
What are the prime factors of 701?
701
What are the prime factors of 287?
7, 41
What are the prime factors of 1886?
2, 23, 41
List the prime factors of 442.
2, 13, 17
What are the prime factors of 5429?
61, 89
List the prime factors of 808.
2, 101
What are the prime factors of 740?
2, 5, 37
What are the prime factors of 1769?
29, 61
What are the prime factors of 11736?
2, 3, 163
What are the prime factors of 3818?
2, 23, 83
List the prime factors of 9254.
2, 7, 661
List the prime factors of 229.
229
List the prime factors of 243.
3
What are the prime factors of 3770?
2, 5, 13, 29
What are the prime factors of 12385?
5, 2477
List the prime factors of 3186.
2, 3, 59
List the prime factors of 1773.
3, 197
List the prime factors of 1104.
2, 3, 23
What are the prime factors of 678?
2, 3, 113
What are the prime factors of 15181?
17, 19, 47
List the prime factors of 1949.
1949
List the prime factors of 73096.
2, 9137
List the prime factors of 2041.
13, 157
What are the prime factors of 101385?
3, 5, 751
List the prime factors of 493.
17, 29
What are the prime factors of 283?
283
List the prime factors of 1452.
2, 3, 11
List the prime factors of 148683.
3, 29, 1709
What are the prime factors of 66897?
3, 7433
List the prime factors of 7666.
2, 3833
List the prime factors of 16818.
2, 3, 2803
What are the prime factors of 3044?
2, 761
List the prime factors of 19257.
3, 7, 131
List the prime factors of 1481.
1481
What are the prime factors of 11666?
2, 19, 307
What are the prime factors of 4979?
13, 383
What are the prime factors of 1916?
2, 479
What are the prime factors of 28912?
2, 13, 139
List the prime factors of 873.
3, 97
What are the prime factors of 913?
11, 83
What are the prime factors of 124918?
2, 62459
What are the prime factors of 862?
2, 431
What are the prime factors of 113644?
2, 28411
What are the prime factors of 2796?
2, 3, 233
What are the prime factors of 11324?
2, 19, 149
What are the prime factors of 13094?
2, 6547
What are the prime factors of 19986?
2, 3, 3331
List the prime factors of 49421.
73, 677
What are the prime factors of 3071?
37, 83
List the prime factors of 1405.
5, 281
List the prime factors of 5255.
5, 1051
List the prime factors of 65196.
2, 3, 1811
What are the prime factors of 25919?
25919
What are the prime factors of 33532?
2, 83, 101
List the prime factors of 283.
283
What are the prime factors of 187913?
11, 1553
List the prime factors of 7356.
2, 3, 613
List the prime factors of 8368.
2, 523
What are the prime factors of 103081?
11, 9371
List the prime factors of 958.
2, 479
List the prime factors of 103045.
5, 37, 557
List the prime factors of 4051.
4051
List the prime factors of 1274.
2, 7, 13
List the prime factors of 6300.
2, 3, 5, 7
List the prime factors of 10475.
5, 419
What are the prime factors of 170816?
2, 17, 157
What are the prime factors of 706?
2, 353
List the prime factors of 329.
7, 47
What are the prime factors of 1589?
7, 227
List the prime factors of 1377.
3, 17
What are the prime factors of 102203?
102203
What are the prime factors of 3806?
2, 11, 173
List the prime factors of 10482.
2, 3, 1747
What are the prime factors of 899?
29, 31
List the prime factors of 8332.
2, 2083
What are the prime factors of 5097?
3, 1699
What are the prime factors of 138426?
2, 3, 23071
List the prime factors of 8543.
8543
List the prime factors of 841.
29
What are the prime factors of 33326?
2, 19, 877
List the prime factors of 6101.
6101
List the prime factors of 1271.
31, 41
What are the prime factors of 1358?
2, 7, 97
What are the prime factors of 840?
2, 3, 5, 7
List the prime factors of 2831.
19, 149
List the prime factors of 8604.
2, 3, 239
List the prime factors of 650.
2, 5, 13
List the prime factors of 30883.
89, 347
What are the prime factors of 10885?
5, 7, 311
List the prime factors of 59.
59
List the prime factors of 41.
41
What are the prime factors of 4090?
2, 5, 409
What are the prime factors of 96295?
5, 19259
List the prime factors of 1431.
3, 53
List the prime factors of 55.
5, 11
List the prime factors of 2624.
2, 41
List the prime factors of 3012.
2, 3, 251
List the prime factors of 34270.
2, 5, 23, 149
What are the prime factors of 4991?
7, 23, 31
List the prime factors of 7134.
2, 3, 29, 41
List the prime factors of 35249.
101, 349
What are the prime factors of 22004?
2, 5501
What are the prime factors of 2851?
2851
List the prime factors of 3613.
3613
List the prime factors of 10831.
10831
List the prime factors of 6940.
2, 5, 347
What are the prime factors of 82265?
5, 16453
What are the prime factors of 11323?
13, 67
List the prime factors of 168208.
2, 10513
List the prime factors of 1994.
2, 997
What are the prime factors of 66596?
2, 16649
List the prime factors of 527.
17, 31
What are the prime factors of 11900?
2, 5, 7, 17
List the prime factors of 4151.
7, 593
List the prime factors of 264.
2, 3, 11
List the prime factors of 39834.
2, 3, 2213
What are the prime factors of 794?
2, 397
List the prime factors of 21486.
2, 3, 3581
List the prime factors of 16920.
2, 3, 5, 47
What are the prime factors of 5413?
5413
What are the prime factors of 26124?
2, 3, 7, 311
List the prime factors of 994.
2, 7, 71
What are the prime factors of 882?
2, 3, 7
List the prime factors of 3068.
2, 13, 59
What are the prime factors of 3?
3
List the prime factors of 3125.
5
What are the prime factors of 10765?
5, 2153
What are the prime factors of 7769?
17, 457
What are the prime factors of 2268?
2, 3, 7
List the prime factors of 16134.
2, 3, 2689
List the prime factors of 5200.
2, 5, 13
List the prime factors of 365.
5, 73
List the prime factors of 54861.
3, 18287
What are the prime factors of 576?
2, 3
What are the prime factors of 3582?
2, 3, 199
List the prime factors of 2403.
3, 89
List the prime factors of 950.
2, 5, 19
List the prime factors of 7939.
17, 467
What are the prime factors of 8816?
2, 19, 29
List the prime factors of 14054.
2, 7027
What are the prime factors of 1431?
3, 53
What are the prime factors of 1921?
17, 113
What are the prime factors of 3163?
3163
List the prime factors of 15230.
2, 5, 1523
What are the p